{"id":119250,"date":"2024-05-10T10:18:06","date_gmt":"2024-05-10T09:18:06","guid":{"rendered":"https:\/\/weltreporter.net\/?post_type=arbeitsprobe&#038;p=119250"},"modified":"2024-05-10T10:18:07","modified_gmt":"2024-05-10T09:18:07","slug":"zugestaendnisse-des-tuerkischen-praesidenten-warum-erdogan-das-gespraech-mit-der-opposition-sucht","status":"publish","type":"arbeitsprobe","link":"https:\/\/weltreporter.net\/en\/arbeitsprobe\/zugestaendnisse-des-tuerkischen-praesidenten-warum-erdogan-das-gespraech-mit-der-opposition-sucht\/","title":{"rendered":"Zugest\u00e4ndnisse des t\u00fcrkischen Pr\u00e4sidenten: Warum Erdo\u011fan das Gespr\u00e4ch mit der Opposition sucht"},"content":{"rendered":"","protected":false},"author":14,"featured_media":0,"template":"","meta":{"_acf_changed":false,"inline_featured_image":false,"_links_to":"","_links_to_target":""},"tags":[],"kategorie":[],"class_list":["post-119250","arbeitsprobe","type-arbeitsprobe","status-publish","hentry"],"acf":[],"_links":{"self":[{"href":"https:\/\/weltreporter.net\/en\/wp-json\/wp\/v2\/arbeitsprobe\/119250","targetHints":{"allow":["GET"]}}],"collection":[{"href":"https:\/\/weltreporter.net\/en\/wp-json\/wp\/v2\/arbeitsprobe"}],"about":[{"href":"https:\/\/weltreporter.net\/en\/wp-json\/wp\/v2\/types\/arbeitsprobe"}],"author":[{"embeddable":true,"href":"https:\/\/weltreporter.net\/en\/wp-json\/wp\/v2\/users\/14"}],"wp:attachment":[{"href":"https:\/\/weltreporter.net\/en\/wp-json\/wp\/v2\/media?parent=119250"}],"wp:term":[{"taxonomy":"post_tag","embeddable":true,"href":"https:\/\/weltreporter.net\/en\/wp-json\/wp\/v2\/tags?post=119250"},{"taxonomy":"kategorie","embeddable":true,"href":"https:\/\/weltreporter.net\/en\/wp-json\/wp\/v2\/kategorie?post=119250"}],"curies":[{"name":"wp","href":"https:\/\/api.w.org\/{rel}","templated":true}]}}

Zugeständnisse des türkischen Präsidenten: Warum Erdoğan das Gespräch mit der Opposition sucht
