{"id":120749,"date":"2024-09-19T12:00:54","date_gmt":"2024-09-19T11:00:54","guid":{"rendered":"https:\/\/weltreporter.net\/?post_type=arbeitsprobe&#038;p=120749"},"modified":"2024-09-19T12:00:55","modified_gmt":"2024-09-19T11:00:55","slug":"der-fall-narin-bewegt-die-tuerkei-ein-maedchenmord-wird-fuer-erdogan-zum-problem","status":"publish","type":"arbeitsprobe","link":"https:\/\/weltreporter.net\/en\/arbeitsprobe\/der-fall-narin-bewegt-die-tuerkei-ein-maedchenmord-wird-fuer-erdogan-zum-problem\/","title":{"rendered":"Der Fall Narin bewegt die T\u00fcrkei &#8211; Ein M\u00e4dchenmord wird f\u00fcr Erdogan zum Problem"},"content":{"rendered":"","protected":false},"author":14,"featured_media":0,"template":"","meta":{"_acf_changed":false,"inline_featured_image":false,"_links_to":"","_links_to_target":""},"tags":[],"kategorie":[],"class_list":["post-120749","arbeitsprobe","type-arbeitsprobe","status-publish","hentry"],"acf":[],"_links":{"self":[{"href":"https:\/\/weltreporter.net\/en\/wp-json\/wp\/v2\/arbeitsprobe\/120749","targetHints":{"allow":["GET"]}}],"collection":[{"href":"https:\/\/weltreporter.net\/en\/wp-json\/wp\/v2\/arbeitsprobe"}],"about":[{"href":"https:\/\/weltreporter.net\/en\/wp-json\/wp\/v2\/types\/arbeitsprobe"}],"author":[{"embeddable":true,"href":"https:\/\/weltreporter.net\/en\/wp-json\/wp\/v2\/users\/14"}],"wp:attachment":[{"href":"https:\/\/weltreporter.net\/en\/wp-json\/wp\/v2\/media?parent=120749"}],"wp:term":[{"taxonomy":"post_tag","embeddable":true,"href":"https:\/\/weltreporter.net\/en\/wp-json\/wp\/v2\/tags?post=120749"},{"taxonomy":"kategorie","embeddable":true,"href":"https:\/\/weltreporter.net\/en\/wp-json\/wp\/v2\/kategorie?post=120749"}],"curies":[{"name":"wp","href":"https:\/\/api.w.org\/{rel}","templated":true}]}}

Der Fall Narin bewegt die Türkei &#8211; Ein Mädchenmord wird für Erdogan zum Problem
