{"id":121010,"date":"2024-10-15T19:31:37","date_gmt":"2024-10-15T18:31:37","guid":{"rendered":"https:\/\/weltreporter.net\/?post_type=arbeitsprobe&#038;p=121010"},"modified":"2024-10-15T19:31:37","modified_gmt":"2024-10-15T18:31:37","slug":"eine-waehlergruppe-wird-fuer-kamala-harris-zum-problem-junge-schwarze-maenner","status":"publish","type":"arbeitsprobe","link":"https:\/\/weltreporter.net\/en\/arbeitsprobe\/eine-waehlergruppe-wird-fuer-kamala-harris-zum-problem-junge-schwarze-maenner\/","title":{"rendered":"Eine W\u00e4hlergruppe wird f\u00fcr Kamala Harris zum Problem: Junge schwarze M\u00e4nner"},"content":{"rendered":"","protected":false},"author":53,"featured_media":0,"template":"","meta":{"_acf_changed":false,"inline_featured_image":false,"_links_to":"","_links_to_target":""},"tags":[],"kategorie":[],"class_list":["post-121010","arbeitsprobe","type-arbeitsprobe","status-publish","hentry"],"acf":[],"_links":{"self":[{"href":"https:\/\/weltreporter.net\/en\/wp-json\/wp\/v2\/arbeitsprobe\/121010","targetHints":{"allow":["GET"]}}],"collection":[{"href":"https:\/\/weltreporter.net\/en\/wp-json\/wp\/v2\/arbeitsprobe"}],"about":[{"href":"https:\/\/weltreporter.net\/en\/wp-json\/wp\/v2\/types\/arbeitsprobe"}],"author":[{"embeddable":true,"href":"https:\/\/weltreporter.net\/en\/wp-json\/wp\/v2\/users\/53"}],"wp:attachment":[{"href":"https:\/\/weltreporter.net\/en\/wp-json\/wp\/v2\/media?parent=121010"}],"wp:term":[{"taxonomy":"post_tag","embeddable":true,"href":"https:\/\/weltreporter.net\/en\/wp-json\/wp\/v2\/tags?post=121010"},{"taxonomy":"kategorie","embeddable":true,"href":"https:\/\/weltreporter.net\/en\/wp-json\/wp\/v2\/kategorie?post=121010"}],"curies":[{"name":"wp","href":"https:\/\/api.w.org\/{rel}","templated":true}]}}

Eine Wählergruppe wird für Kamala Harris zum Problem: Junge schwarze Männer
