{"id":121482,"date":"2024-12-04T19:47:55","date_gmt":"2024-12-04T18:47:55","guid":{"rendered":"https:\/\/weltreporter.net\/?post_type=arbeitsprobe&#038;p=121482"},"modified":"2024-12-04T19:53:26","modified_gmt":"2024-12-04T18:53:26","slug":"nato-will-die-ukraine-vor-moeglichen-friedensgespraechen-militaerisch-staerken","status":"publish","type":"arbeitsprobe","link":"https:\/\/weltreporter.net\/en\/arbeitsprobe\/nato-will-die-ukraine-vor-moeglichen-friedensgespraechen-militaerisch-staerken\/","title":{"rendered":"NATO will die Ukraine vor m\u00f6glichen Friedensgespr\u00e4chen milit\u00e4risch st\u00e4rken"},"content":{"rendered":"","protected":false},"author":70,"featured_media":0,"template":"","meta":{"_acf_changed":false,"inline_featured_image":false,"_links_to":"","_links_to_target":""},"tags":[],"kategorie":[],"class_list":["post-121482","arbeitsprobe","type-arbeitsprobe","status-publish","hentry"],"acf":[],"_links":{"self":[{"href":"https:\/\/weltreporter.net\/en\/wp-json\/wp\/v2\/arbeitsprobe\/121482","targetHints":{"allow":["GET"]}}],"collection":[{"href":"https:\/\/weltreporter.net\/en\/wp-json\/wp\/v2\/arbeitsprobe"}],"about":[{"href":"https:\/\/weltreporter.net\/en\/wp-json\/wp\/v2\/types\/arbeitsprobe"}],"author":[{"embeddable":true,"href":"https:\/\/weltreporter.net\/en\/wp-json\/wp\/v2\/users\/70"}],"wp:attachment":[{"href":"https:\/\/weltreporter.net\/en\/wp-json\/wp\/v2\/media?parent=121482"}],"wp:term":[{"taxonomy":"post_tag","embeddable":true,"href":"https:\/\/weltreporter.net\/en\/wp-json\/wp\/v2\/tags?post=121482"},{"taxonomy":"kategorie","embeddable":true,"href":"https:\/\/weltreporter.net\/en\/wp-json\/wp\/v2\/kategorie?post=121482"}],"curies":[{"name":"wp","href":"https:\/\/api.w.org\/{rel}","templated":true}]}}

NATO will die Ukraine vor möglichen Friedensgesprächen militärisch stärken
