{"id":123439,"date":"2025-04-15T23:16:21","date_gmt":"2025-04-15T22:16:21","guid":{"rendered":"https:\/\/weltreporter.net\/?post_type=arbeitsprobe&#038;p=123439"},"modified":"2025-05-23T22:38:19","modified_gmt":"2025-05-23T21:38:19","slug":"gesellschaft-im-wandel-wie-wir-veraenderungen-bewaeltigen-koennen","status":"publish","type":"arbeitsprobe","link":"https:\/\/weltreporter.net\/en\/arbeitsprobe\/gesellschaft-im-wandel-wie-wir-veraenderungen-bewaeltigen-koennen\/","title":{"rendered":"Gesellschaft im Wandel \u2013 Wie wir Ver\u00e4nderungen bew\u00e4ltigen k\u00f6nnen"},"content":{"rendered":"","protected":false},"author":100,"featured_media":123440,"template":"","meta":{"_acf_changed":false,"inline_featured_image":false,"_links_to":"","_links_to_target":""},"tags":[],"kategorie":[],"class_list":["post-123439","arbeitsprobe","type-arbeitsprobe","status-publish","has-post-thumbnail","hentry"],"acf":[],"_links":{"self":[{"href":"https:\/\/weltreporter.net\/en\/wp-json\/wp\/v2\/arbeitsprobe\/123439","targetHints":{"allow":["GET"]}}],"collection":[{"href":"https:\/\/weltreporter.net\/en\/wp-json\/wp\/v2\/arbeitsprobe"}],"about":[{"href":"https:\/\/weltreporter.net\/en\/wp-json\/wp\/v2\/types\/arbeitsprobe"}],"author":[{"embeddable":true,"href":"https:\/\/weltreporter.net\/en\/wp-json\/wp\/v2\/users\/100"}],"wp:featuredmedia":[{"embeddable":true,"href":"https:\/\/weltreporter.net\/en\/wp-json\/wp\/v2\/media\/123440"}],"wp:attachment":[{"href":"https:\/\/weltreporter.net\/en\/wp-json\/wp\/v2\/media?parent=123439"}],"wp:term":[{"taxonomy":"post_tag","embeddable":true,"href":"https:\/\/weltreporter.net\/en\/wp-json\/wp\/v2\/tags?post=123439"},{"taxonomy":"kategorie","embeddable":true,"href":"https:\/\/weltreporter.net\/en\/wp-json\/wp\/v2\/kategorie?post=123439"}],"curies":[{"name":"wp","href":"https:\/\/api.w.org\/{rel}","templated":true}]}}

Gesellschaft im Wandel – Wie wir Veränderungen bewältigen können
