{"id":123539,"date":"2025-04-28T00:18:21","date_gmt":"2025-04-27T23:18:21","guid":{"rendered":"https:\/\/weltreporter.net\/?post_type=arbeitsprobe&#038;p=123539"},"modified":"2025-04-28T00:18:22","modified_gmt":"2025-04-27T23:18:22","slug":"oezguer-oezel-ist-in-der-tuerkei-der-mann-der-recep-tayyip-erdogan-gefaehrlich-werden-koennte","status":"publish","type":"arbeitsprobe","link":"https:\/\/weltreporter.net\/en\/arbeitsprobe\/oezguer-oezel-ist-in-der-tuerkei-der-mann-der-recep-tayyip-erdogan-gefaehrlich-werden-koennte\/","title":{"rendered":"\u00d6zg\u00fcr \u00d6zel ist in der T\u00fcrkei der Mann, der Recep Tayyip Erdogan gef\u00e4hrlich werden k\u00f6nnte"},"content":{"rendered":"","protected":false},"author":14,"featured_media":0,"template":"","meta":{"_acf_changed":false,"inline_featured_image":false,"_links_to":"","_links_to_target":""},"tags":[],"kategorie":[],"class_list":["post-123539","arbeitsprobe","type-arbeitsprobe","status-publish","hentry"],"acf":[],"_links":{"self":[{"href":"https:\/\/weltreporter.net\/en\/wp-json\/wp\/v2\/arbeitsprobe\/123539","targetHints":{"allow":["GET"]}}],"collection":[{"href":"https:\/\/weltreporter.net\/en\/wp-json\/wp\/v2\/arbeitsprobe"}],"about":[{"href":"https:\/\/weltreporter.net\/en\/wp-json\/wp\/v2\/types\/arbeitsprobe"}],"author":[{"embeddable":true,"href":"https:\/\/weltreporter.net\/en\/wp-json\/wp\/v2\/users\/14"}],"wp:attachment":[{"href":"https:\/\/weltreporter.net\/en\/wp-json\/wp\/v2\/media?parent=123539"}],"wp:term":[{"taxonomy":"post_tag","embeddable":true,"href":"https:\/\/weltreporter.net\/en\/wp-json\/wp\/v2\/tags?post=123539"},{"taxonomy":"kategorie","embeddable":true,"href":"https:\/\/weltreporter.net\/en\/wp-json\/wp\/v2\/kategorie?post=123539"}],"curies":[{"name":"wp","href":"https:\/\/api.w.org\/{rel}","templated":true}]}}

Özgür Özel ist in der Türkei der Mann, der Recep Tayyip Erdogan gefährlich werden könnte
