{"id":123713,"date":"2025-05-20T01:20:48","date_gmt":"2025-05-20T00:20:48","guid":{"rendered":"https:\/\/weltreporter.net\/?post_type=arbeitsprobe&#038;p=123713"},"modified":"2025-05-20T01:20:48","modified_gmt":"2025-05-20T00:20:48","slug":"darueber-spricht-los-angeles-die-menendez-brueder-koennten-freikommen-denn-sie-waren-nicht-nur-monster","status":"publish","type":"arbeitsprobe","link":"https:\/\/weltreporter.net\/en\/arbeitsprobe\/darueber-spricht-los-angeles-die-menendez-brueder-koennten-freikommen-denn-sie-waren-nicht-nur-monster\/","title":{"rendered":"Dar\u00fcber spricht Los Angeles: Die Menendez-Br\u00fcder k\u00f6nnten freikommen. Denn sie waren nicht nur Monster"},"content":{"rendered":"","protected":false},"author":99,"featured_media":0,"template":"","meta":{"_acf_changed":false,"inline_featured_image":false,"_links_to":"","_links_to_target":""},"tags":[],"kategorie":[],"class_list":["post-123713","arbeitsprobe","type-arbeitsprobe","status-publish","hentry"],"acf":[],"_links":{"self":[{"href":"https:\/\/weltreporter.net\/en\/wp-json\/wp\/v2\/arbeitsprobe\/123713","targetHints":{"allow":["GET"]}}],"collection":[{"href":"https:\/\/weltreporter.net\/en\/wp-json\/wp\/v2\/arbeitsprobe"}],"about":[{"href":"https:\/\/weltreporter.net\/en\/wp-json\/wp\/v2\/types\/arbeitsprobe"}],"author":[{"embeddable":true,"href":"https:\/\/weltreporter.net\/en\/wp-json\/wp\/v2\/users\/99"}],"wp:attachment":[{"href":"https:\/\/weltreporter.net\/en\/wp-json\/wp\/v2\/media?parent=123713"}],"wp:term":[{"taxonomy":"post_tag","embeddable":true,"href":"https:\/\/weltreporter.net\/en\/wp-json\/wp\/v2\/tags?post=123713"},{"taxonomy":"kategorie","embeddable":true,"href":"https:\/\/weltreporter.net\/en\/wp-json\/wp\/v2\/kategorie?post=123713"}],"curies":[{"name":"wp","href":"https:\/\/api.w.org\/{rel}","templated":true}]}}

Darüber spricht Los Angeles: Die Menendez-Brüder könnten freikommen. Denn sie waren nicht nur Monster
