{"id":126242,"date":"2026-02-11T21:13:15","date_gmt":"2026-02-11T20:13:15","guid":{"rendered":"https:\/\/weltreporter.net\/?post_type=arbeitsprobe&#038;p=126242"},"modified":"2026-02-11T21:13:16","modified_gmt":"2026-02-11T20:13:16","slug":"neuer-tuerkischer-justizminister-erdogan-befoerdert-seinen-oppositionsjaeger","status":"publish","type":"arbeitsprobe","link":"https:\/\/weltreporter.net\/en\/arbeitsprobe\/neuer-tuerkischer-justizminister-erdogan-befoerdert-seinen-oppositionsjaeger\/","title":{"rendered":"Neuer t\u00fcrkischer Justizminister: Erdo\u011fan bef\u00f6rdert seinen Oppositionsj\u00e4ger"},"content":{"rendered":"","protected":false},"author":14,"featured_media":0,"template":"","meta":{"_acf_changed":false,"inline_featured_image":false,"_links_to":"","_links_to_target":""},"tags":[],"kategorie":[],"class_list":["post-126242","arbeitsprobe","type-arbeitsprobe","status-publish","hentry"],"acf":[],"_links":{"self":[{"href":"https:\/\/weltreporter.net\/en\/wp-json\/wp\/v2\/arbeitsprobe\/126242","targetHints":{"allow":["GET"]}}],"collection":[{"href":"https:\/\/weltreporter.net\/en\/wp-json\/wp\/v2\/arbeitsprobe"}],"about":[{"href":"https:\/\/weltreporter.net\/en\/wp-json\/wp\/v2\/types\/arbeitsprobe"}],"author":[{"embeddable":true,"href":"https:\/\/weltreporter.net\/en\/wp-json\/wp\/v2\/users\/14"}],"wp:attachment":[{"href":"https:\/\/weltreporter.net\/en\/wp-json\/wp\/v2\/media?parent=126242"}],"wp:term":[{"taxonomy":"post_tag","embeddable":true,"href":"https:\/\/weltreporter.net\/en\/wp-json\/wp\/v2\/tags?post=126242"},{"taxonomy":"kategorie","embeddable":true,"href":"https:\/\/weltreporter.net\/en\/wp-json\/wp\/v2\/kategorie?post=126242"}],"curies":[{"name":"wp","href":"https:\/\/api.w.org\/{rel}","templated":true}]}}

Neuer türkischer Justizminister: Erdoğan befördert seinen Oppositionsjäger
