{"id":126474,"date":"2026-03-09T15:49:26","date_gmt":"2026-03-09T14:49:26","guid":{"rendered":"https:\/\/weltreporter.net\/?post_type=arbeitsprobe&#038;p=126474"},"modified":"2026-03-09T15:49:26","modified_gmt":"2026-03-09T14:49:26","slug":"muslime-in-frankreich-fordern-mehr-schutz","status":"publish","type":"arbeitsprobe","link":"https:\/\/weltreporter.net\/en\/arbeitsprobe\/muslime-in-frankreich-fordern-mehr-schutz\/","title":{"rendered":"Muslime in Frankreich fordern mehr Schutz"},"content":{"rendered":"<p>Das Verh\u00e4ltnis vieler Franzosen und ihrer Regierenden zu den muslimischen Mitb\u00fcrgern ihrer Nation war und ist kompliziert. Die Wurzeln des Unbehagens oder Misstrauens liegen unter anderem in der Kolonialzeit, insbesondere in der franz\u00f6sischen Herrschaft im Maghreb. Das hei\u00dft in Algerien, Tunesien und Marokko. Diese Vergangenheit erkl\u00e4rt auch, warum Frankreich heute das europ\u00e4ische Land mit dem gr\u00f6\u00dften Anteil muslimischer B\u00fcrger ist. Zwischen f\u00fcnf und sieben Millionen Muslime leben Sch\u00e4tzungen zufolge in Frankreich. Offizielle Statistiken gibt es nicht. Etwa 70 Prozent von ihnen sind maghrebinischer Herkunft.<\/p>\n<audio class=\"wp-audio-shortcode\" id=\"audio-126474-1\" preload=\"none\" style=\"width: 100%;\" controls=\"controls\"><source type=\"audio\/mpeg\" src=\"https:\/\/weltreporter.net\/wp-content\/uploads\/2026\/03\/feindselige_stimmung_muslime_in_frankreich_fordern_mehr_dlf_20251120_1840_e7ad4d3c.mp3?_=1\" \/><a href=\"https:\/\/weltreporter.net\/wp-content\/uploads\/2026\/03\/feindselige_stimmung_muslime_in_frankreich_fordern_mehr_dlf_20251120_1840_e7ad4d3c.mp3\">https:\/\/weltreporter.net\/wp-content\/uploads\/2026\/03\/feindselige_stimmung_muslime_in_frankreich_fordern_mehr_dlf_20251120_1840_e7ad4d3c.mp3<\/a><\/audio>\n","protected":false},"author":47,"featured_media":0,"template":"","meta":{"_acf_changed":false,"inline_featured_image":false,"_links_to":"","_links_to_target":""},"tags":[],"kategorie":[],"class_list":["post-126474","arbeitsprobe","type-arbeitsprobe","status-publish","hentry"],"acf":[],"_links":{"self":[{"href":"https:\/\/weltreporter.net\/en\/wp-json\/wp\/v2\/arbeitsprobe\/126474","targetHints":{"allow":["GET"]}}],"collection":[{"href":"https:\/\/weltreporter.net\/en\/wp-json\/wp\/v2\/arbeitsprobe"}],"about":[{"href":"https:\/\/weltreporter.net\/en\/wp-json\/wp\/v2\/types\/arbeitsprobe"}],"author":[{"embeddable":true,"href":"https:\/\/weltreporter.net\/en\/wp-json\/wp\/v2\/users\/47"}],"wp:attachment":[{"href":"https:\/\/weltreporter.net\/en\/wp-json\/wp\/v2\/media?parent=126474"}],"wp:term":[{"taxonomy":"post_tag","embeddable":true,"href":"https:\/\/weltreporter.net\/en\/wp-json\/wp\/v2\/tags?post=126474"},{"taxonomy":"kategorie","embeddable":true,"href":"https:\/\/weltreporter.net\/en\/wp-json\/wp\/v2\/kategorie?post=126474"}],"curies":[{"name":"wp","href":"https:\/\/api.w.org\/{rel}","templated":true}]}}

<p>Das Verhältnis vieler Franzosen und ihrer Regierenden zu den muslimischen Mitbürgern ihrer Nation war und ist kompliziert. Die Wurzeln des Unbehagens oder Misstrauens liegen unter anderem in der Kolonialzeit, insbesondere in der französischen Herrschaft im Maghreb. Das heißt in Algerien, Tunesien und Marokko. Diese Vergangenheit erklärt auch, warum Frankreich heute das europäische Land mit dem größten Anteil muslimischer Bürger ist. Zwischen fünf und sieben Millionen Muslime leben Schätzungen zufolge in Frankreich. Offizielle Statistiken gibt es nicht. Etwa 70 Prozent von ihnen sind maghrebinischer Herkunft.</p>
<audio class="wp-audio-shortcode" id="audio-126474-1" preload="none" style="width: 100%;" controls="controls"><source type="audio/mpeg" src="https://weltreporter.net/wp-content/uploads/2026/03/feindselige_stimmung_muslime_in_frankreich_fordern_mehr_dlf_20251120_1840_e7ad4d3c.mp3?_=1" /><a href="https://weltreporter.net/wp-content/uploads/2026/03/feindselige_stimmung_muslime_in_frankreich_fordern_mehr_dlf_20251120_1840_e7ad4d3c.mp3">https://weltreporter.net/wp-content/uploads/2026/03/feindselige_stimmung_muslime_in_frankreich_fordern_mehr_dlf_20251120_1840_e7ad4d3c.mp3</a></audio>
