{"id":126917,"date":"2026-04-23T21:51:17","date_gmt":"2026-04-23T20:51:17","guid":{"rendered":"https:\/\/weltreporter.net\/?post_type=arbeitsprobe&#038;p=126917"},"modified":"2026-04-23T21:51:18","modified_gmt":"2026-04-23T20:51:18","slug":"aerger-ueber-von-der-leyen-eu-laedt-zu-nahost-treffen-ein-aber-nicht-die-tuerkei","status":"publish","type":"arbeitsprobe","link":"https:\/\/weltreporter.net\/en\/arbeitsprobe\/aerger-ueber-von-der-leyen-eu-laedt-zu-nahost-treffen-ein-aber-nicht-die-tuerkei\/","title":{"rendered":"\u00c4rger \u00fcber von der Leyen: EU l\u00e4dt zu Nahost-Treffen ein \u2013 aber nicht die T\u00fcrkei"},"content":{"rendered":"","protected":false},"author":14,"featured_media":0,"template":"","meta":{"_acf_changed":false,"inline_featured_image":false,"_links_to":"","_links_to_target":""},"tags":[],"kategorie":[],"class_list":["post-126917","arbeitsprobe","type-arbeitsprobe","status-publish","hentry"],"acf":[],"_links":{"self":[{"href":"https:\/\/weltreporter.net\/en\/wp-json\/wp\/v2\/arbeitsprobe\/126917","targetHints":{"allow":["GET"]}}],"collection":[{"href":"https:\/\/weltreporter.net\/en\/wp-json\/wp\/v2\/arbeitsprobe"}],"about":[{"href":"https:\/\/weltreporter.net\/en\/wp-json\/wp\/v2\/types\/arbeitsprobe"}],"author":[{"embeddable":true,"href":"https:\/\/weltreporter.net\/en\/wp-json\/wp\/v2\/users\/14"}],"wp:attachment":[{"href":"https:\/\/weltreporter.net\/en\/wp-json\/wp\/v2\/media?parent=126917"}],"wp:term":[{"taxonomy":"post_tag","embeddable":true,"href":"https:\/\/weltreporter.net\/en\/wp-json\/wp\/v2\/tags?post=126917"},{"taxonomy":"kategorie","embeddable":true,"href":"https:\/\/weltreporter.net\/en\/wp-json\/wp\/v2\/kategorie?post=126917"}],"curies":[{"name":"wp","href":"https:\/\/api.w.org\/{rel}","templated":true}]}}

Ärger über von der Leyen: EU lädt zu Nahost-Treffen ein – aber nicht die Türkei
