{"id":126954,"date":"2026-04-30T10:00:27","date_gmt":"2026-04-30T09:00:27","guid":{"rendered":"https:\/\/weltreporter.net\/?post_type=arbeitsprobe&#038;p=126954"},"modified":"2026-04-30T10:00:28","modified_gmt":"2026-04-30T09:00:28","slug":"der-schwierige-weg-zurueck-peter-magyar-erstmals-zu-besuch-bei-ursula-von-der-leyen-in-bruessel","status":"publish","type":"arbeitsprobe","link":"https:\/\/weltreporter.net\/en\/arbeitsprobe\/der-schwierige-weg-zurueck-peter-magyar-erstmals-zu-besuch-bei-ursula-von-der-leyen-in-bruessel\/","title":{"rendered":"Der schwierige Weg zur\u00fcck: P\u00e9ter Magyar erstmals zu Besuch bei Ursula von der Leyen in Br\u00fcssel"},"content":{"rendered":"","protected":false},"author":23,"featured_media":0,"template":"","meta":{"_acf_changed":false,"inline_featured_image":false,"_links_to":"","_links_to_target":""},"tags":[],"kategorie":[],"class_list":["post-126954","arbeitsprobe","type-arbeitsprobe","status-publish","hentry"],"acf":[],"_links":{"self":[{"href":"https:\/\/weltreporter.net\/en\/wp-json\/wp\/v2\/arbeitsprobe\/126954","targetHints":{"allow":["GET"]}}],"collection":[{"href":"https:\/\/weltreporter.net\/en\/wp-json\/wp\/v2\/arbeitsprobe"}],"about":[{"href":"https:\/\/weltreporter.net\/en\/wp-json\/wp\/v2\/types\/arbeitsprobe"}],"author":[{"embeddable":true,"href":"https:\/\/weltreporter.net\/en\/wp-json\/wp\/v2\/users\/23"}],"wp:attachment":[{"href":"https:\/\/weltreporter.net\/en\/wp-json\/wp\/v2\/media?parent=126954"}],"wp:term":[{"taxonomy":"post_tag","embeddable":true,"href":"https:\/\/weltreporter.net\/en\/wp-json\/wp\/v2\/tags?post=126954"},{"taxonomy":"kategorie","embeddable":true,"href":"https:\/\/weltreporter.net\/en\/wp-json\/wp\/v2\/kategorie?post=126954"}],"curies":[{"name":"wp","href":"https:\/\/api.w.org\/{rel}","templated":true}]}}

Der schwierige Weg zurück: Péter Magyar erstmals zu Besuch bei Ursula von der Leyen in Brüssel
